**5. Suppose -4*p = 5*r - 9, -6 = -5*r - 0*p - p. Determine a(r).
-11
Let h(k) be the third derivative of 0*k + 0 + 1/3*k**3 + 55*k**2 + 1/6*k**4. Determine h(-4).
-14
Let j(i) = 5*i**2 + 31*i + 9. Let x be (-18)/5*(-35)/(-21). What is j(x)?
3
Let o(k) = 2*k - 6. Suppose c + 0 + 1 = 0. Let r be (-4 - -8) + c - -4. What is o(r)?
8
Let v(y) be the third derivative of y**5/60 - 3*y**4/8 + 7*y**3/6 - 322*y**2. Suppose f - 4 - 3 = 0. Calculate v(f).
-7
Let u be (1 - (-2)/(-4))/((-15)/(-60)). Let j(x) = 5*x - 3. What is j(u)?
7
Let f(z) be the second derivative of -z**5/20 + 13*z**4/12 - 13*z**3/6 + 8*z**2 + 29*z. Determine f(12).
4
Let j be (3/(-3) - -1) + 1 + -1. Let x(c) = j*c + 4*c + 11*c. Determine x(-1).
-15
Let v = 298 + -298. Let j(t) = -t**2 + 4 - t + 5 + 2*t**2. What is j(v)?
9
Suppose 294*p - 281*p - 26 = 0. Let s(o) = o**3 - 5*o**2 - o + 1. What is s(p)?
-13
Let h be (0*(-3 + -1 - -5))/3. Let y(o) = o**2 + o - 7. What is y(h)?
-7
Let q(w) = -46 + 26 - 9*w + 2*w**3 + 10 + 16*w**2 + 7*w. Calculate q(-8).
6
Let a(z) = -z**3 + 7*z**2 - 3*z + 3. Let m be a(2). Suppose 130 = 4*q + 42. Let n = m - q. Let f(j) = -j**2 - 4*j + 3. Calculate f(n).
-2
Let h(g) = g**2 + 3*g. Let x(j) = 24*j + 93. Let i be x(-4). Determine h(i).
0
Let l(u) = -16*u**2 - u - 6. Let o be l(-2). Let y = o + 73. Let s(t) = t**3 - 6*t**2 + 7*t - 4. Give s(y).
6
Let q be (5/((-5)/(-4)))/(5 + -3). Let z(m) = -14 + 9 + 6 - q*m**2. What is z(-1)?
-1
Let j(g) = 10*g + 5. Let y(s) = 21*s + 9. Let n(o) = -7*j(o) + 4*y(o). What is n(-1)?
-13
Let q(u) = -3*u**2 + 4*u. Let v be (-5 - 0)*2/(-5). Let w(m) = -16*m**2 + 20*m - 1. Let l(o) = v*w(o) - 11*q(o). What is l(4)?
-2
Let m(r) = r**3 - 5*r**2 + 3*r + 4. Suppose -3*o - 3 = 0, 2*y - o = -0*y + 9. Suppose 0 = y*h - 10 - 2. Calculate m(h).
-5
Let f(s) = -47*s - 11. Let k(w) = -11*w - 2. Let y(a) = -2*f(a) + 9*k(a). What is y(6)?
-26
Let w(d) = -d**3 + 12*d**2 + 13*d + 2. Let r be w(13). Suppose 8*k = r*k + 42. Let u = 10 - k. Let s(f) = -2*f. Determine s(u).
-6
Let f(a) be the first derivative of -1/4*a**4 + 2*a + 1/2*a**2 - 4/3*a**3 + 14. Determine f(-4).
-2
Let m(x) = 2*x**2 - 4*x - 2. Let t(o) = -5*o**3 - 18*o**2 + 6*o - 3. Let i be t(-4). What is m(i)?
28
Suppose -2*z = -6*z + 3*w + 31, -3*z + 18 = 3*w. Let n(s) = -z + s + 9*s - 9*s - 2. Calculate n(4).
-5
Let g(c) = c**3 - 2*c**2 - 2*c + 1. Let w(q) = 3*q**2 + 21*q - 21. Let r be w(1). Calculate g(r).
4
Let p(d) = 48*d**3 + d. Let m be p(1). Let q = 46 - m. Let s(g) = -3*g + 4. Give s(q).
13
Let m(h) = -4*h. Let l be (-6)/2 - (2 - 1). Let x = 928 - 925. Let r be 2/l*(x - 1). What is m(r)?
4
Let z(i) = i**3 - 6*i**2 + 4*i - 7. Suppose -3*w + 9 = -3*v, 2*w - 6*w = -v - 15. Let r be 0/v*(5 - 4) - -6. Give z(r).
17
Let m(n) be the third derivative of -5*n**4/24 + 17*n**3/6 - 173*n**2 - 3*n. Calculate m(2).
7
Let l(w) = -w - 1. Suppose 0 = 5*o - 5*g - 40, 3*o - 37 + 13 = -4*g. Let t = o - 5. Let n be 4 + (-3 - 1 - t). Calculate l(n).
2
Let q(v) = 2*v - 10 + 10 - 10*v + 26. What is q(4)?
-6
Let b(z) = z**2 + 1. Let f(g) = g - 2. Let t(l) = -2*b(l) - f(l). Let o(m) = 3*m + 4. Let s be o(6). Let y be ((-11)/s)/(2/(-4)). Determine t(y).
-3
Let a be (-3)/6*-10*1. Let w(k) be the third derivative of -k**5/60 + k**4/8 - k**3 + 6*k**2. Give w(a).
-16
Let a(h) = -h**2 + 13*h - 11. Suppose -67 = 22*u - 265. What is a(u)?
25
Let h(l) = -3*l**3 + 4*l**2 + 6*l - 1. Let s(w) = w. Let i(j) = -h(j) + 4*s(j). Let v(c) = -4*c**3 + 4*c**2 + c - 1. Let p(z) = 3*i(z) + 2*v(z). Calculate p(4).
-15
Let o(z) = z**2 - 3*z - 2. Let h = 11 + -14. Let j(b) = b**2 + 5*b + 9. Let g be j(h). Give o(g).
-2
Let j(r) = -r**3 - r - 1. Let i(w) = -w**3 + 14*w**2 - 12*w - 13. Let k(x) = -x**2 + 6*x + 13. Let q be k(6). Let l be i(q). Calculate j(l).
-1
Suppose 0 = -i - 5*p + 15, 8*i - 3*i - 95 = -5*p. Let q = i + -20. Let w(x) = x**3 + 4. Give w(q).
4
Let l(n) = n**3 - 8*n**2 + 6*n + 9. Suppose 2*t = 3*j + 101, -j + 38 = -2*j + 5*t. Let y be (-7)/(-3)*j/(-11). Calculate l(y).
2
Let h be 9*((-55)/(-15) + -4). Let u(p) = -p - 1. What is u(h)?
2
Let h(m) = -8*m**2 - m - 6. Let s be h(3). Let d be 4/((-9)/(s/6)). Let b(a) = 3*a - 8. Calculate b(d).
10
Let s be 15/(-10) + 2/4. Let b(d) = d**3 - d**2 - 2*d - 1. Determine b(s).
-1
Let t(n) = n - 1. Let j(d) = 3*d - 20. Let g(i) = -j(i) + 5*t(i). Let z be g(-8). Let l(u) = -u - 1. Calculate l(z).
0
Suppose 10 = 3*i + 4*t, 0 = -2*i + 6*i + 4*t - 12. Let v(w) = 2*w - 1 + 3 - 15 + 2*w**i - 11*w**2 + w**3. Determine v(9).
5
Let w(q) be the third derivative of 17*q**2 - 1/24*q**4 - 5/6*q**3 + 0*q + 0. What is w(0)?
-5
Let l(z) = z**3 - 2*z**2 + 2*z. Let q be l(2). Suppose -y + m = 2*y - 14, q*y - 36 = -3*m. Let w(a) = -a**3 + 5*a**2 + 6*a + 5. Determine w(y).
5
Let s be 11628/28 + 8/(-28). Let m(i) = -i - i - 415 + s. Suppose -1 - 4 = -5*g. What is m(g)?
-2
Suppose -7*h - q = -3*h, 11 = -5*h - 4*q. Let x(m) = -m**2 + 11*m. Let f(o) = 3*o - 4*o + 6*o - 3*o. Let b(c) = -33*f(c) + 6*x(c). Determine b(h).
-6
Let l(w) be the first derivative of -w**5/20 + w**3/6 + 29*w**2/2 - 39. Let q(h) be the second derivative of l(h). Determine q(1).
-2
Let n(f) = 23*f**3 - 17*f**2 - 4*f + 2. Let z(m) = 27*m**3 - 18*m**2 - 3*m + 2. Let x(d) = 7*n(d) - 6*z(d). Determine x(-10).
2
Let p(y) = y**3 - 3*y**2 - 2*y - 2. Let l be p(4). Suppose -4*o + l = -o. Suppose -17 = o*t - 5. Let s(v) = v**2 + 8*v + 4. Calculate s(t).
-8
Let u(x) = 3*x - 4. Let j be ((-2)/(-4))/(4/40). Suppose -j*d - 25 = -a, d + 10 - 21 = -3*a. What is u(a)?
11
Let k(p) = -p - 1. Let u(w) = -2*w**2 + 19*w - 28. Let h be u(7). What is k(h)?
-8
Let z = -15 + 19. Let t(i) = -i**2 - 4*i + 6. What is t(z)?
-26
Suppose q = -j + 2, q = -2*j - 3*j + 10. Let t(i) be the third derivative of 11*i**4/24 + 2*i**2. What is t(j)?
22
Suppose l - 12 = -l. Let c be (3/l*8)/1. Let d(z) = z + 6. Let y(f) = -3*f - 12. Let q(n) = c*y(n) + 9*d(n). What is q(5)?
-9
Let q(d) = -d**2 - 6*d - 9. Suppose 5 - 8 = -w. Let t be 6/(-2) - w*1. Calculate q(t).
-9
Let k(y) = 6*y**2 - 3*y + 5. Suppose -19*q + 84 = 9*q. Calculate k(q).
50
Let u(o) be the first derivative of o**6/360 - 7*o**5/120 + o**4/3 + o**3 - 10. Let v(k) be the third derivative of u(k). Give v(6).
2
Let r(i) = 2*i**2 + 2*i - 2. Let q be r(-2). Suppose m = -q*h + 13, -25 = -5*h + 2*m + 3. Let l(b) = -7 + h*b**2 + b - 13 + 20. Give l(1).
7
Suppose 2*b + 259 = 37. Let c be b/(-21) + 4/(-14). Let x(r) = -67*r**2 + 6*r**3 + 1 - 6*r**3 + r**3 + 0*r**3 + 3*r + 61*r**2. Calculate x(c).
-9
Let m(y) = y**2 - 2*y - 4. Let g(z) = -2*z**3 - 7*z**2 + 3*z + 22. Let w be g(-3). Calculate m(w).
4
Let o = 69 + -66. Let z(a) = -a**3 - 2*a**2 - 2. Let g(r) = r**3 - r. Let n(c) = -2*g(c) - z(c). Let y be n(o). Let k(x) = 8*x - 1. Give k(y).
-9
Let m = -83 - -167. Let p = m + -81. Let g(q) = -q**3 + 2*q**2. Give g(p).
-9
Let u(k) be the first derivative of -14 + 3*k**2 + 1/3*k**3 + 3*k. Give u(-2).
-5
Let u(s) = s**2 - 4*s + 3. Let c(d) = d**3 + 8*d**2 + 7*d + 4. Let n be c(-7). Suppose 0 = 4*m - n - 4. Determine u(m).
-1
Let q(g) be the second derivative of -g**7/2520 - g**6/360 + g**4/3 + 4*g. Let t(w) be the third derivative of q(w). Suppose 4*u + 10 + 6 = 0. What is t(u)?
-8
Let t(q) = -2 + 17*q - 4*q + 7 - 4*q + q**2. What is t(-8)?
-3
Let y be (32/24)/(4/24). Let k(v) be the second derivative of 0 - y*v - 1/3*v**3 - 1/2*v**2. Determine k(1).
-3
Let x be (3 - 4)/((-2)/(-170)). Let o be ((-4)/(-2))/((-5)/x). Let f(u) = -o*u + 1 + 36*u - 1. Calculate f(1).
2
Let c(m) = 14*m - 70. Let n(b) = 12*b - 69. Let x(r) = -4*c(r) + 5*n(r). Calculate x(15).
-5
Suppose -2*n + 5*y = -275, 4*n - 2*y = -y + 541. Let h(o) = n - o - 135 - 2*o**2. Calculate h(-3).
-15
Let q = 28 + -25. Suppose 0 = 2*m - q + 17. Let t(y) = -y**3 - 8*y**2 - 7*y + 8. What is t(m)?
8
Let w = -56 + 76. Let c be w/(-6) + 12/36 - -3. Let f(a) be the first derivative of a**2/2 + 6*a + 1. Calculate f(c).
6
Let f(m) = -m**2 - 3. Let l(b) = b. Let t(d) = f(d) + 6*l(d). Suppose -55 = -a - 18*a + 59. Calculate t(a).
-3
Let g(o) = o**3 - 6*o**2 - o + 2. Suppose 92 = -8*v + 4*v. Let p be 1/(10/12)*(v - -28). What is g(p)?
-4
Let l(s) be the first derivative of 2*s**3/3 + 9*s**2/2 + 7*s - 88. Calculate l(-6).
25
Let y(d) = d**3 + 4*d**2 - 2*d + 1. Let g(n) = n - 1